{"id":74,"date":"2024-11-11T15:58:28","date_gmt":"2024-11-11T14:58:28","guid":{"rendered":"https:\/\/www.univda.it\/bdai2025\/?page_id=74"},"modified":"2025-07-23T16:01:36","modified_gmt":"2025-07-23T14:01:36","slug":"committee","status":"publish","type":"page","link":"https:\/\/www.univda.it\/bdai2025\/committee\/","title":{"rendered":"Committee"},"content":{"rendered":"\t\t<div data-elementor-type=\"wp-page\" data-elementor-id=\"74\" class=\"elementor elementor-74\">\n\t\t\t\t<div class=\"elementor-element elementor-element-58ad7fe e-flex e-con-boxed e-con e-parent\" data-id=\"58ad7fe\" data-element_type=\"container\" data-e-type=\"container\">\n\t\t\t\t\t<div class=\"e-con-inner\">\n\t\t\t\t<div class=\"elementor-element elementor-element-79d31d9 elementor-widget elementor-widget-heading\" data-id=\"79d31d9\" data-element_type=\"widget\" data-e-type=\"widget\" data-widget_type=\"heading.default\">\n\t\t\t\t<div class=\"elementor-widget-container\">\n\t\t\t\t\t<h3 class=\"elementor-heading-title elementor-size-default\">Workshop Chairs<\/h3>\t\t\t\t<\/div>\n\t\t\t\t<\/div>\n\t\t\t\t<div class=\"elementor-element elementor-element-147d3f8 elementor-widget elementor-widget-text-editor\" data-id=\"147d3f8\" data-element_type=\"widget\" data-e-type=\"widget\" data-widget_type=\"text-editor.default\">\n\t\t\t\t<div class=\"elementor-widget-container\">\n\t\t\t\t\t\t\t\t\t<p><a href=\"mailto:c.nava@univda.it\">Consuelo Rubina Nava<\/a>, Universit\u00e0 della Valle d\u2019Aosta &#8211; Universit\u00e9 de la Vall\u00e9e d\u2019Aoste<\/p><p><a href=\"mailto:s.tedeschi@univda.it\">Stefano Tedeschi<\/a>, Universit\u00e0 della Valle d\u2019Aosta &#8211; Universit\u00e9 de la Vall\u00e9e d\u2019Aoste<\/p>\t\t\t\t\t\t\t\t<\/div>\n\t\t\t\t<\/div>\n\t\t\t\t<div class=\"elementor-element elementor-element-0cbbb70 elementor-widget elementor-widget-heading\" data-id=\"0cbbb70\" data-element_type=\"widget\" data-e-type=\"widget\" data-widget_type=\"heading.default\">\n\t\t\t\t<div class=\"elementor-widget-container\">\n\t\t\t\t\t<h3 class=\"elementor-heading-title elementor-size-default\">Local Organization<\/h3>\t\t\t\t<\/div>\n\t\t\t\t<\/div>\n\t\t\t\t<div class=\"elementor-element elementor-element-0119d6e elementor-widget elementor-widget-text-editor\" data-id=\"0119d6e\" data-element_type=\"widget\" data-e-type=\"widget\" data-widget_type=\"text-editor.default\">\n\t\t\t\t<div class=\"elementor-widget-container\">\n\t\t\t\t\t\t\t\t\t<p>Sylvie Cerise, Universit\u00e0 della Valle d\u2019Aosta &#8211; Universit\u00e9 de la Vall\u00e9e d\u2019Aoste<\/p><p>Alessandro Riccardo Novallet, Universit\u00e0 della Valle d\u2019Aosta &#8211; Universit\u00e9 de la Vall\u00e9e d\u2019Aoste<\/p>\t\t\t\t\t\t\t\t<\/div>\n\t\t\t\t<\/div>\n\t\t\t\t<div class=\"elementor-element elementor-element-4a8e521 elementor-widget elementor-widget-heading\" data-id=\"4a8e521\" data-element_type=\"widget\" data-e-type=\"widget\" data-widget_type=\"heading.default\">\n\t\t\t\t<div class=\"elementor-widget-container\">\n\t\t\t\t\t<h3 class=\"elementor-heading-title elementor-size-default\">Program Committee<\/h3>\t\t\t\t<\/div>\n\t\t\t\t<\/div>\n\t\t\t\t<div class=\"elementor-element elementor-element-440415c elementor-widget elementor-widget-text-editor\" data-id=\"440415c\" data-element_type=\"widget\" data-e-type=\"widget\" data-widget_type=\"text-editor.default\">\n\t\t\t\t<div class=\"elementor-widget-container\">\n\t\t\t\t\t\t\t\t\t<p>Matteo Baldoni,\u00a0 University of Torino, Computer Science Department<br \/>David Barilla,\u00a0 University of Messina<br \/>Cristina Baroglio, University of Torino, Computer Science Department<br \/>Leandro Becker, Federal University of Santa Catarina<br \/>Daniela Briola, University of Milano Bicocca<br \/>Matteo Calabrese, Osservatorio Astronomico della Regione Autonoma Valle d&#8217;Aosta<br \/>Roy Cerqueti, Sapienza University of Rome<br \/>Jean Marc Christille, Fondazione Cl\u00e9ment Fillietroz ONLUS &#8211; Osservatorio Astronomico della Regione Autonoma Valle d&#8217;Aosta<br \/>Maiquel de Brito, Federal University of Santa Catarina<br \/>Christophe Feder, Universit\u00e0 della Valle d&#8217;Aosta &#8211; Universit\u00e9 de la Vall\u00e9e d&#8217;Aoste<br \/>Angelo Ferrando, University of Modena and Reggio Emilia<br \/>Massimiliano Ferrara, University Mediterranea of Reggio Calabria<br \/>St\u00e9phane Galland, Universit\u00e9 de technologie de Belfort-Montb\u00e9liard\u00a0<br \/>Ramses H. Mena, Universidad Nacional Aut\u00f3noma de M\u00e9xico<br \/>Roberto Leombruni, University of Torino, Department of Economics and Statistics &#8220;Cognetti de Martiis&#8221;<br \/>Elisa Marengo, University of Torino, Computer Science Department<br \/>Raffaele Mattera, University of Campania Luigi Vanvitelli<br \/>Noemi Mauro, University of Torino, Computer Science Department<br \/>Roberto Micalizio, University of Torino,\u00a0Computer Science Department<br \/>Stefania Monica, University of Modena and Reggio Emilia<br \/>Yazan Mualla, Universit\u00e9 de technologie de Belfort-Montb\u00e9liard<br \/>Luis Gustavo Nardin, Mines Saint-Etienne<br \/>Pietro Saggese, IMT Scuola Alti Studi Lucca<\/p>\t\t\t\t\t\t\t\t<\/div>\n\t\t\t\t<\/div>\n\t\t\t\t\t<\/div>\n\t\t\t\t<\/div>\n\t\t\t\t<\/div>\n\t\t","protected":false},"excerpt":{"rendered":"<p>\/*! elementor &#8211; v3.20.0 &#8211; 26-03-2024 *\/ .elementor-heading-title{padding:0;margin:0;line-height:1}.elementor-widget-heading .elementor-heading-title[class*=elementor-size-]&gt;a{color:inherit;font-size:inherit;line-height:inherit}.elementor-widget-heading .elementor-heading-title.elementor-size-small{font-size:15px}.elementor-widget-heading .elementor-heading-title.elementor-size-medium{font-size:19px}.elementor-widget-heading .elementor-heading-title.elementor-size-large{font-size:29px}.elementor-widget-heading .elementor-heading-title.elementor-size-xl{font-size:39px}.elementor-widget-heading .elementor-heading-title.elementor-size-xxl{font-size:59px} Workshop Chairs Consuelo Rubina Nava, Universit\u00e0 della Valle d\u2019Aosta &#8211; Universit\u00e9 de la Vall\u00e9e d\u2019Aoste Stefano Tedeschi, Universit\u00e0 della Valle d\u2019Aosta &#8211; Universit\u00e9 de la Vall\u00e9e d\u2019Aoste Local Organization Sylvie Cerise, Universit\u00e0 della Valle d\u2019Aosta &#8211; Universit\u00e9 de la Vall\u00e9e d\u2019Aoste [&hellip;]<\/p>\n","protected":false},"author":757,"featured_media":0,"parent":0,"menu_order":2,"comment_status":"closed","ping_status":"closed","template":"","meta":{"_seopress_robots_primary_cat":"","_seopress_titles_title":"","_seopress_titles_desc":"","_seopress_robots_index":"","footnotes":""},"class_list":["post-74","page","type-page","status-publish","hentry"],"acf":[],"_links":{"self":[{"href":"https:\/\/www.univda.it\/bdai2025\/wp-json\/wp\/v2\/pages\/74","targetHints":{"allow":["GET"]}}],"collection":[{"href":"https:\/\/www.univda.it\/bdai2025\/wp-json\/wp\/v2\/pages"}],"about":[{"href":"https:\/\/www.univda.it\/bdai2025\/wp-json\/wp\/v2\/types\/page"}],"author":[{"embeddable":true,"href":"https:\/\/www.univda.it\/bdai2025\/wp-json\/wp\/v2\/users\/757"}],"replies":[{"embeddable":true,"href":"https:\/\/www.univda.it\/bdai2025\/wp-json\/wp\/v2\/comments?post=74"}],"version-history":[{"count":20,"href":"https:\/\/www.univda.it\/bdai2025\/wp-json\/wp\/v2\/pages\/74\/revisions"}],"predecessor-version":[{"id":602,"href":"https:\/\/www.univda.it\/bdai2025\/wp-json\/wp\/v2\/pages\/74\/revisions\/602"}],"wp:attachment":[{"href":"https:\/\/www.univda.it\/bdai2025\/wp-json\/wp\/v2\/media?parent=74"}],"curies":[{"name":"wp","href":"https:\/\/api.w.org\/{rel}","templated":true}]}}