{"id":39780,"date":"2020-10-13T11:28:48","date_gmt":"2020-10-13T09:28:48","guid":{"rendered":"https:\/\/www.univda.it\/?page_id=39780"},"modified":"2020-10-29T14:02:44","modified_gmt":"2020-10-29T13:02:44","slug":"mobilita-erasmus","status":"publish","type":"page","link":"https:\/\/www.univda.it\/fr\/services\/mobilite-internationale\/mobilita-erasmus\/","title":{"rendered":"Programme Erasmus"},"content":{"rendered":"<p><img loading=\"lazy\" decoding=\"async\" class=\"alignnone size-medium wp-image-22625\" src=\"https:\/\/www.univda.it\/wp-content\/uploads\/2019\/03\/foto_programma_Erasmus-300x160.png\" alt=\"\" width=\"300\" height=\"160\" srcset=\"https:\/\/www.univda.it\/wp-content\/uploads\/2019\/03\/foto_programma_Erasmus-300x160.png 300w, https:\/\/www.univda.it\/wp-content\/uploads\/2019\/03\/foto_programma_Erasmus.png 308w\" sizes=\"auto, (max-width: 300px) 100vw, 300px\" \/><\/p>\n<p class=\"bodytext\">Le nouveau programme Erasmus+ vise \u00e0 soutenir des actions dans les domaines de l\u2019enseignement, de la formation, de la jeunesse et du sport.<\/p>\n<p class=\"bodytext\">Erasmus+ soutient financi\u00e8rement une large gamme d\u2019actions et d\u2019activit\u00e9s dans les domaines de l\u2019enseignement, de la formation, de la jeunesse et du sport.<\/p>\n<p class=\"bodytext\">Le programme vise \u00e0 donner aux \u00e9tudiants, aux stagiaires, au personnel et d&rsquo;une mani\u00e8re g\u00e9n\u00e9rale aux jeunes de moins de 30 ans avec ou sans dipl\u00f4me, la possibilit\u00e9 de s\u00e9journer \u00e0 l\u2019\u00e9tranger pour renforcer leurs comp\u00e9tences et accro\u00eetre leur employabilit\u00e9.<\/p>\n<p class=\"bodytext\">Il aide les organisations \u00e0 travailler dans le cadre de partenariats internationaux et \u00e0 partager les pratiques innovantes dans les domaines de l\u2019\u00e9ducation, de la formation et de la jeunesse. Erasmus+ comporte \u00e9galement une importante dimension internationale notamment dans le domaine de l&rsquo;enseignement sup\u00e9rieur. Cette dimension permet d&rsquo;ouvrir le programme \u00e0 des activit\u00e9s de coop\u00e9ration institutionnelle, de mobilit\u00e9 des jeunes et du personnel et ce, au niveau mondial.<\/p>\n<p>&nbsp;<\/p>\n","protected":false},"excerpt":{"rendered":"<p>Le nouveau programme Erasmus+ vise \u00e0 soutenir des actions dans les domaines de l\u2019enseignement, de la formation, de la jeunesse et du sport. Erasmus+ soutient financi\u00e8rement une large gamme d\u2019actions et d\u2019activit\u00e9s dans les domaines de l\u2019enseignement, de la formation, de la jeunesse et du sport. Le programme vise \u00e0 donner aux \u00e9tudiants, aux stagiaires, [&hellip;]<\/p>\n","protected":false},"author":11,"featured_media":0,"parent":5164,"menu_order":23,"comment_status":"open","ping_status":"closed","template":"page-sidebar-child.php","meta":{"_seopress_robots_primary_cat":"","_seopress_titles_title":"","_seopress_titles_desc":"","_seopress_robots_index":"","footnotes":""},"tags":[],"class_list":["post-39780","page","type-page","status-publish","hentry"],"acf":[],"publishpress_future_action":{"enabled":false,"date":"2026-05-02 10:10:20","action":"change-status","newStatus":"draft","terms":[],"taxonomy":"post_tag","extraData":[]},"publishpress_future_workflow_manual_trigger":{"enabledWorkflows":[]},"_links":{"self":[{"href":"https:\/\/www.univda.it\/fr\/wp-json\/wp\/v2\/pages\/39780","targetHints":{"allow":["GET"]}}],"collection":[{"href":"https:\/\/www.univda.it\/fr\/wp-json\/wp\/v2\/pages"}],"about":[{"href":"https:\/\/www.univda.it\/fr\/wp-json\/wp\/v2\/types\/page"}],"author":[{"embeddable":true,"href":"https:\/\/www.univda.it\/fr\/wp-json\/wp\/v2\/users\/11"}],"replies":[{"embeddable":true,"href":"https:\/\/www.univda.it\/fr\/wp-json\/wp\/v2\/comments?post=39780"}],"version-history":[{"count":3,"href":"https:\/\/www.univda.it\/fr\/wp-json\/wp\/v2\/pages\/39780\/revisions"}],"predecessor-version":[{"id":40210,"href":"https:\/\/www.univda.it\/fr\/wp-json\/wp\/v2\/pages\/39780\/revisions\/40210"}],"up":[{"embeddable":true,"href":"https:\/\/www.univda.it\/fr\/wp-json\/wp\/v2\/pages\/5164"}],"wp:attachment":[{"href":"https:\/\/www.univda.it\/fr\/wp-json\/wp\/v2\/media?parent=39780"}],"wp:term":[{"taxonomy":"post_tag","embeddable":true,"href":"https:\/\/www.univda.it\/fr\/wp-json\/wp\/v2\/tags?post=39780"}],"curies":[{"name":"wp","href":"https:\/\/api.w.org\/{rel}","templated":true}]}}

<p><img loading="lazy" decoding="async" class="alignnone size-medium wp-image-22625" src="https://www.univda.it/wp-content/uploads/2019/03/foto_programma_Erasmus-300x160.png" alt="" width="300" height="160" srcset="https://www.univda.it/wp-content/uploads/2019/03/foto_programma_Erasmus-300x160.png 300w, https://www.univda.it/wp-content/uploads/2019/03/foto_programma_Erasmus.png 308w" sizes="auto, (max-width: 300px) 100vw, 300px" /></p>
<p class="bodytext">Le nouveau programme Erasmus+ vise à soutenir des actions dans les domaines de l’enseignement, de la formation, de la jeunesse et du sport.</p>
<p class="bodytext">Erasmus+ soutient financièrement une large gamme d’actions et d’activités dans les domaines de l’enseignement, de la formation, de la jeunesse et du sport.</p>
<p class="bodytext">Le programme vise à donner aux étudiants, aux stagiaires, au personnel et d&rsquo;une manière générale aux jeunes de moins de 30 ans avec ou sans diplôme, la possibilité de séjourner à l’étranger pour renforcer leurs compétences et accroître leur employabilité.</p>
<p class="bodytext">Il aide les organisations à travailler dans le cadre de partenariats internationaux et à partager les pratiques innovantes dans les domaines de l’éducation, de la formation et de la jeunesse. Erasmus+ comporte également une importante dimension internationale notamment dans le domaine de l&rsquo;enseignement supérieur. Cette dimension permet d&rsquo;ouvrir le programme à des activités de coopération institutionnelle, de mobilité des jeunes et du personnel et ce, au niveau mondial.</p>
<p>&nbsp;</p>

<p>Le nouveau programme Erasmus+ vise à soutenir des actions dans les domaines de l’enseignement, de la formation, de la jeunesse et du sport. Erasmus+ soutient financièrement une large gamme d’actions et d’activités dans les domaines de l’enseignement, de la formation, de la jeunesse et du sport. Le programme vise à donner aux étudiants, aux stagiaires, [&hellip;]</p>
