{"id":5209,"date":"2018-11-30T14:29:32","date_gmt":"2018-11-30T13:29:32","guid":{"rendered":"https:\/\/www.univda.it\/?page_id=5209"},"modified":"2020-06-23T15:40:31","modified_gmt":"2020-06-23T13:40:31","slug":"organisation-internationale-de-la-francophonie-oif","status":"publish","type":"page","link":"https:\/\/www.univda.it\/fr\/services\/mobilite-internationale\/autres-possibilites-de-mobilite-internationale\/organisation-internationale-de-la-francophonie-oif\/","title":{"rendered":"Organisation Internationale de la Francophonie (OIF)"},"content":{"rendered":"<p>Chaque ann\u00e9e, dans le cadre de la convention conclue entre l&rsquo;Universit\u00e0 della Valle d&rsquo;Aosta &#8211; Universit\u00e9 de la Vall\u00e9e d&rsquo;Aoste et l&rsquo;Organisation Internationale de la Francophonie, un \u00e9tudiant a la possibilit\u00e9 d&rsquo;effectuer un stage d&rsquo;une dur\u00e9e\u00a0de 4 mois\u00a0au si\u00e8ge de Paris de l&rsquo;OIF.<\/p>\n<div>L&rsquo;\u00e9tudiant est s\u00e9lectionn\u00e9 sur base d&rsquo;un appel \u00e0 candidatures, qui, en r\u00e8gle g\u00e9n\u00e9rale, est publi\u00e9 au printemps. En principe, le stage se d\u00e9roule en automne, en fonction des disponibilit\u00e9s de l&rsquo;OIF.<\/div>\n","protected":false},"excerpt":{"rendered":"<p>Chaque ann\u00e9e, dans le cadre de la convention conclue entre l&rsquo;Universit\u00e0 della Valle d&rsquo;Aosta &#8211; Universit\u00e9 de la Vall\u00e9e d&rsquo;Aoste et l&rsquo;Organisation Internationale de la Francophonie, un \u00e9tudiant a la possibilit\u00e9 d&rsquo;effectuer un stage d&rsquo;une dur\u00e9e\u00a0de 4 mois\u00a0au si\u00e8ge de Paris de l&rsquo;OIF. L&rsquo;\u00e9tudiant est s\u00e9lectionn\u00e9 sur base d&rsquo;un appel \u00e0 candidatures, qui, en r\u00e8gle [&hellip;]<\/p>\n","protected":false},"author":1,"featured_media":0,"parent":5166,"menu_order":0,"comment_status":"open","ping_status":"closed","template":"page-full-width.php","meta":{"_seopress_robots_primary_cat":"","_seopress_titles_title":"%%title%% %%sep%% Universit\u00e9 de la Vall\u00e9e d'Aoste","_seopress_titles_desc":"Chaque ann\u00e9e un \u00e9tudiant a la possibilit\u00e9 d'effectuer un stage d'une dur\u00e9e de 4 mois au si\u00e8ge de Paris de l'OIF de l'uniVda","_seopress_robots_index":"","footnotes":""},"tags":[],"class_list":["post-5209","page","type-page","status-publish","hentry"],"acf":[],"publishpress_future_action":{"enabled":false,"date":"2026-05-05 19:34:56","action":"change-status","newStatus":"draft","terms":[],"taxonomy":"post_tag","extraData":[]},"publishpress_future_workflow_manual_trigger":{"enabledWorkflows":[]},"_links":{"self":[{"href":"https:\/\/www.univda.it\/fr\/wp-json\/wp\/v2\/pages\/5209","targetHints":{"allow":["GET"]}}],"collection":[{"href":"https:\/\/www.univda.it\/fr\/wp-json\/wp\/v2\/pages"}],"about":[{"href":"https:\/\/www.univda.it\/fr\/wp-json\/wp\/v2\/types\/page"}],"author":[{"embeddable":true,"href":"https:\/\/www.univda.it\/fr\/wp-json\/wp\/v2\/users\/1"}],"replies":[{"embeddable":true,"href":"https:\/\/www.univda.it\/fr\/wp-json\/wp\/v2\/comments?post=5209"}],"version-history":[{"count":1,"href":"https:\/\/www.univda.it\/fr\/wp-json\/wp\/v2\/pages\/5209\/revisions"}],"predecessor-version":[{"id":5210,"href":"https:\/\/www.univda.it\/fr\/wp-json\/wp\/v2\/pages\/5209\/revisions\/5210"}],"up":[{"embeddable":true,"href":"https:\/\/www.univda.it\/fr\/wp-json\/wp\/v2\/pages\/5166"}],"wp:attachment":[{"href":"https:\/\/www.univda.it\/fr\/wp-json\/wp\/v2\/media?parent=5209"}],"wp:term":[{"taxonomy":"post_tag","embeddable":true,"href":"https:\/\/www.univda.it\/fr\/wp-json\/wp\/v2\/tags?post=5209"}],"curies":[{"name":"wp","href":"https:\/\/api.w.org\/{rel}","templated":true}]}}

<p>Chaque année, dans le cadre de la convention conclue entre l&rsquo;Università della Valle d&rsquo;Aosta &#8211; Université de la Vallée d&rsquo;Aoste et l&rsquo;Organisation Internationale de la Francophonie, un étudiant a la possibilité d&rsquo;effectuer un stage d&rsquo;une durée de 4 mois au siège de Paris de l&rsquo;OIF.</p>
<div>L&rsquo;étudiant est sélectionné sur base d&rsquo;un appel à candidatures, qui, en règle générale, est publié au printemps. En principe, le stage se déroule en automne, en fonction des disponibilités de l&rsquo;OIF.</div>

<p>Chaque année, dans le cadre de la convention conclue entre l&rsquo;Università della Valle d&rsquo;Aosta &#8211; Université de la Vallée d&rsquo;Aoste et l&rsquo;Organisation Internationale de la Francophonie, un étudiant a la possibilité d&rsquo;effectuer un stage d&rsquo;une durée de 4 mois au siège de Paris de l&rsquo;OIF. L&rsquo;étudiant est sélectionné sur base d&rsquo;un appel à candidatures, qui, en règle [&hellip;]</p>

%%title%% %%sep%% Université de la Vallée d'Aoste

Chaque année un étudiant a la possibilité d'effectuer un stage d'une durée de 4 mois au siège de Paris de l'OIF de l'uniVda
