{"id":5863,"date":"2018-12-13T10:47:12","date_gmt":"2018-12-13T09:47:12","guid":{"rendered":"https:\/\/www.univda.it\/?page_id=5863"},"modified":"2020-06-23T15:43:28","modified_gmt":"2020-06-23T13:43:28","slug":"le-stage","status":"publish","type":"page","link":"https:\/\/www.univda.it\/fr\/services\/stages-et-insertion-professionnelle\/le-stage\/","title":{"rendered":"Le stage"},"content":{"rendered":"<p>Le stage est une\u00a0exp\u00e9rience pratique o\u00f9 alternent \u00e9tude et travail. Il facilite le choix professionnel par le contact direct avec le monde de l&#8217;emploi. Les textes de r\u00e9f\u00e9rence du stage sont\u00a0:<\/p>\n<div>&#8211;\u00a0\u00a0\u00a0\u00a0\u00a0\u00a0\u00a0\u00a0 la loi n\u00b0 196 du 24 juin 1997 portant dispositions en mati\u00e8re de promotion de l&#8217;emploi ;<\/div>\n<div>&#8211;\u00a0\u00a0\u00a0\u00a0\u00a0\u00a0\u00a0\u00a0 le d\u00e9cret minist\u00e9riel n\u00b0 142 de mars 1998, \u00ab\u00a0R\u00e8glement portant application des principes et des crit\u00e8res vis\u00e9s \u00e0 l&rsquo;art. 18 de la loi n\u00b0 196 du 24 juin 1997 sur les stages de formation\u00a0\u00bb ;<\/div>\n<div>&#8211;\u00a0\u00a0\u00a0\u00a0\u00a0\u00a0\u00a0 le d\u00e9cret-loi n\u00b0 138 du 13 ao\u00fbt 2011 portant mesures d&rsquo;urgence compl\u00e9mentaires pour la stabilisation financi\u00e8re et le d\u00e9veloppement.<\/div>\n<div><\/div>\n<div>L&rsquo;Universit\u00e9 de la Vall\u00e9e d&rsquo;Aoste peut organiser des\u00a0stages pour ses \u00e9tudiants ou ses dipl\u00f4m\u00e9s jusqu&rsquo;\u00e0 12 mois apr\u00e8s l&rsquo;obtention du dipl\u00f4me.<\/div>\n<div><\/div>\n<div>Les crit\u00e8res de reconnaissance du\u00a0stage dans le cadre du cursus sont d\u00e9finis par un r\u00e8glement ad hoc approuv\u00e9 par chaque\u00a0fili\u00e8re\u00a0:<\/div>\n<div>&#8211;\u00a0\u00a0\u00a0\u00a0\u00a0\u00a0<b>Langues et communication<\/b>\u00a0: le stage est obligatoire, car il fait partie int\u00e9grante du programme d&rsquo;\u00e9tudes. Il se d\u00e9roule \u00e0 l&rsquo;\u00e9tranger pendant le second semestre de la troisi\u00e8me ann\u00e9e. Sa dur\u00e9e minimum est de 4 mois et 400 heures et il permet d&rsquo;obtenir 16 cr\u00e9dits ;<\/div>\n<div>&#8211;\u00a0\u00a0\u00a0\u00a0\u00a0\u00a0<b>Sciences de l&rsquo;\u00e9conomie et de la gestion d&rsquo;entreprise<\/b>\u00a0: le stage est facultatif. Il se d\u00e9roule en troisi\u00e8me ann\u00e9e. Pour \u00eatre valid\u00e9 par le Conseil de D\u00e9partement, il doit durer au moins 4 mois et 400 heures. Il permet d&rsquo;obtenir 18 cr\u00e9dits dans le cadre des activit\u00e9s au choix de l&rsquo;\u00e9tudiant ;<\/div>\n<div>&#8211;\u00a0\u00a0\u00a0\u00a0\u00a0\u00a0<b>Sciences politiques et des relations internationales<\/b>\u00a0: le\u00a0stage est facultatif et doit durer au moins 2 mois et 200 heures. Il est recommand\u00e9 aux \u00e9tudiants de troisi\u00e8me ann\u00e9e. Sa reconnaissance comme partie int\u00e9grante du cursus fait l&rsquo;objet d&rsquo;une d\u00e9cision du Conseil de D\u00e9partement ;<\/div>\n<div>&#8211;\u00a0\u00a0\u00a0\u00a0\u00a0\u00a0<b>Sciences de l&rsquo;\u00e9ducation<\/b>\u00a0: le\u00a0stage s&rsquo;effectue en deuxi\u00e8me ann\u00e9e. Il consiste en une exp\u00e9rience intensive d&rsquo;au moins deux semaines dans des organismes et des entreprises qui op\u00e8rent en milieu socio-\u00e9ducatif et il permet d&rsquo;obtenir 3 cr\u00e9dits.<\/div>\n","protected":false},"excerpt":{"rendered":"<p>Le stage est une\u00a0exp\u00e9rience pratique o\u00f9 alternent \u00e9tude et travail. Il facilite le choix professionnel par le contact direct avec le monde de l&#8217;emploi. Les textes de r\u00e9f\u00e9rence du stage sont\u00a0: &#8211;\u00a0\u00a0\u00a0\u00a0\u00a0\u00a0\u00a0\u00a0 la loi n\u00b0 196 du 24 juin 1997 portant dispositions en mati\u00e8re de promotion de l&#8217;emploi ; &#8211;\u00a0\u00a0\u00a0\u00a0\u00a0\u00a0\u00a0\u00a0 le d\u00e9cret minist\u00e9riel n\u00b0 142 [&hellip;]<\/p>\n","protected":false},"author":1,"featured_media":0,"parent":5859,"menu_order":1,"comment_status":"closed","ping_status":"closed","template":"page-sidebar-child.php","meta":{"_seopress_robots_primary_cat":"","_seopress_titles_title":"%%title%% %%sep%% Universit\u00e8 de la Vall\u00e9e d'Aoste","_seopress_titles_desc":"L'Universit\u00e9 de la Vall\u00e9e d'Aoste peut organiser des stages pour ses \u00e9tudiants ou ses dipl\u00f4m\u00e9s jusqu'\u00e0 12 mois apr\u00e8s l'obtention du dipl\u00f4me.","_seopress_robots_index":"","footnotes":""},"tags":[],"class_list":["post-5863","page","type-page","status-publish","hentry"],"acf":[],"publishpress_future_action":{"enabled":false,"date":"2026-05-04 04:38:34","action":"change-status","newStatus":"draft","terms":[],"taxonomy":"post_tag","extraData":[]},"publishpress_future_workflow_manual_trigger":{"enabledWorkflows":[]},"_links":{"self":[{"href":"https:\/\/www.univda.it\/fr\/wp-json\/wp\/v2\/pages\/5863","targetHints":{"allow":["GET"]}}],"collection":[{"href":"https:\/\/www.univda.it\/fr\/wp-json\/wp\/v2\/pages"}],"about":[{"href":"https:\/\/www.univda.it\/fr\/wp-json\/wp\/v2\/types\/page"}],"author":[{"embeddable":true,"href":"https:\/\/www.univda.it\/fr\/wp-json\/wp\/v2\/users\/1"}],"replies":[{"embeddable":true,"href":"https:\/\/www.univda.it\/fr\/wp-json\/wp\/v2\/comments?post=5863"}],"version-history":[{"count":1,"href":"https:\/\/www.univda.it\/fr\/wp-json\/wp\/v2\/pages\/5863\/revisions"}],"predecessor-version":[{"id":5864,"href":"https:\/\/www.univda.it\/fr\/wp-json\/wp\/v2\/pages\/5863\/revisions\/5864"}],"up":[{"embeddable":true,"href":"https:\/\/www.univda.it\/fr\/wp-json\/wp\/v2\/pages\/5859"}],"wp:attachment":[{"href":"https:\/\/www.univda.it\/fr\/wp-json\/wp\/v2\/media?parent=5863"}],"wp:term":[{"taxonomy":"post_tag","embeddable":true,"href":"https:\/\/www.univda.it\/fr\/wp-json\/wp\/v2\/tags?post=5863"}],"curies":[{"name":"wp","href":"https:\/\/api.w.org\/{rel}","templated":true}]}}

<p>Le stage est une expérience pratique où alternent étude et travail. Il facilite le choix professionnel par le contact direct avec le monde de l&#8217;emploi. Les textes de référence du stage sont :</p>
<div>&#8211;         la loi n° 196 du 24 juin 1997 portant dispositions en matière de promotion de l&#8217;emploi ;</div>
<div>&#8211;         le décret ministériel n° 142 de mars 1998, « Règlement portant application des principes et des critères visés à l&rsquo;art. 18 de la loi n° 196 du 24 juin 1997 sur les stages de formation » ;</div>
<div>&#8211;        le décret-loi n° 138 du 13 août 2011 portant mesures d&rsquo;urgence complémentaires pour la stabilisation financière et le développement.</div>
<div></div>
<div>L&rsquo;Université de la Vallée d&rsquo;Aoste peut organiser des stages pour ses étudiants ou ses diplômés jusqu&rsquo;à 12 mois après l&rsquo;obtention du diplôme.</div>
<div></div>
<div>Les critères de reconnaissance du stage dans le cadre du cursus sont définis par un règlement ad hoc approuvé par chaque filière :</div>
<div>&#8211;      <b>Langues et communication</b> : le stage est obligatoire, car il fait partie intégrante du programme d&rsquo;études. Il se déroule à l&rsquo;étranger pendant le second semestre de la troisième année. Sa durée minimum est de 4 mois et 400 heures et il permet d&rsquo;obtenir 16 crédits ;</div>
<div>&#8211;      <b>Sciences de l&rsquo;économie et de la gestion d&rsquo;entreprise</b> : le stage est facultatif. Il se déroule en troisième année. Pour être validé par le Conseil de Département, il doit durer au moins 4 mois et 400 heures. Il permet d&rsquo;obtenir 18 crédits dans le cadre des activités au choix de l&rsquo;étudiant ;</div>
<div>&#8211;      <b>Sciences politiques et des relations internationales</b> : le stage est facultatif et doit durer au moins 2 mois et 200 heures. Il est recommandé aux étudiants de troisième année. Sa reconnaissance comme partie intégrante du cursus fait l&rsquo;objet d&rsquo;une décision du Conseil de Département ;</div>
<div>&#8211;      <b>Sciences de l&rsquo;éducation</b> : le stage s&rsquo;effectue en deuxième année. Il consiste en une expérience intensive d&rsquo;au moins deux semaines dans des organismes et des entreprises qui opèrent en milieu socio-éducatif et il permet d&rsquo;obtenir 3 crédits.</div>

<p>Le stage est une expérience pratique où alternent étude et travail. Il facilite le choix professionnel par le contact direct avec le monde de l&#8217;emploi. Les textes de référence du stage sont : &#8211;         la loi n° 196 du 24 juin 1997 portant dispositions en matière de promotion de l&#8217;emploi ; &#8211;         le décret ministériel n° 142 [&hellip;]</p>

%%title%% %%sep%% Universitè de la Vallée d'Aoste

L'Université de la Vallée d'Aoste peut organiser des stages pour ses étudiants ou ses diplômés jusqu'à 12 mois après l'obtention du diplôme.
