{"id":1223,"date":"2024-04-15T14:15:09","date_gmt":"2024-04-15T12:15:09","guid":{"rendered":"https:\/\/www.univda.it\/international\/economie-et-management\/"},"modified":"2024-04-15T14:15:09","modified_gmt":"2024-04-15T12:15:09","slug":"economie-et-management","status":"publish","type":"page","link":"https:\/\/www.univda.it\/international\/economie-et-management\/","title":{"rendered":"\u00c9conomie et management"},"content":{"rendered":"<p>Cette formation permet aux \u00e9tudiants de comprendre les m\u00e9canismes de fonctionnement des entreprises et des syst\u00e8mes \u00e9conomiques, \u00e0 travers une approche multidisciplinaire. Le parcours se concentre sur les mati\u00e8res essentielles dans ce domaine : fonctions principales de l\u2019entreprise, micro et macro\u00e9conomie, disciplines quantitatives et principes fondamentaux de la finance. Les \u00e9tudiants peuvent personnaliser leur programme d\u2019\u00e9tudes et effectuer un stage en troisi\u00e8me ann\u00e9e.<\/p>\n","protected":false},"excerpt":{"rendered":"<p>Cette formation permet aux \u00e9tudiants de comprendre les m\u00e9canismes de fonctionnement des entreprises et des syst\u00e8mes \u00e9conomiques, \u00e0 travers une approche multidisciplinaire.<\/p>\n","protected":false},"author":693,"featured_media":0,"parent":0,"menu_order":0,"comment_status":"closed","ping_status":"closed","template":"page-64.php","meta":{"_seopress_robots_primary_cat":"","_seopress_titles_title":"","_seopress_titles_desc":"","_seopress_robots_index":"","footnotes":""},"tags":[],"class_list":["post-1223","page","type-page","status-publish","hentry"],"acf":[],"_links":{"self":[{"href":"https:\/\/www.univda.it\/international\/wp-json\/wp\/v2\/pages\/1223","targetHints":{"allow":["GET"]}}],"collection":[{"href":"https:\/\/www.univda.it\/international\/wp-json\/wp\/v2\/pages"}],"about":[{"href":"https:\/\/www.univda.it\/international\/wp-json\/wp\/v2\/types\/page"}],"author":[{"embeddable":true,"href":"https:\/\/www.univda.it\/international\/wp-json\/wp\/v2\/users\/693"}],"replies":[{"embeddable":true,"href":"https:\/\/www.univda.it\/international\/wp-json\/wp\/v2\/comments?post=1223"}],"version-history":[{"count":0,"href":"https:\/\/www.univda.it\/international\/wp-json\/wp\/v2\/pages\/1223\/revisions"}],"wp:attachment":[{"href":"https:\/\/www.univda.it\/international\/wp-json\/wp\/v2\/media?parent=1223"}],"wp:term":[{"taxonomy":"post_tag","embeddable":true,"href":"https:\/\/www.univda.it\/international\/wp-json\/wp\/v2\/tags?post=1223"}],"curies":[{"name":"wp","href":"https:\/\/api.w.org\/{rel}","templated":true}]}}