{"id":1722,"date":"2026-03-12T11:32:18","date_gmt":"2026-03-12T10:32:18","guid":{"rendered":"https:\/\/www.univda.it\/international\/?page_id=1722"},"modified":"2026-03-12T11:51:32","modified_gmt":"2026-03-12T10:51:32","slug":"pendant-votre-sejour-2","status":"publish","type":"page","link":"https:\/\/www.univda.it\/international\/pendant-votre-sejour-2\/","title":{"rendered":"Pendant votre s\u00e9jour"},"content":{"rendered":"<p>Vous recevrez par e-mail vos identifiants personnels (nom d\u2019utilisateur et mot de passe) pour acc\u00e9der aux services en ligne r\u00e9serv\u00e9s aux \u00e9tudiants (secr\u00e9tariat en ligne, r\u00e9servation des examens, etc.) et \u00e0 votre adresse e-mail institutionnelle, o\u00f9 vous recevrez toutes les informations utiles transmises par l\u2019Universit\u00e9. Vous recevrez \u00e9galement des instructions sur la mani\u00e8re de payer le droit de timbre de 16,00 \u20ac exig\u00e9 par l\u2019\u00c9tat italien pour toute inscription.<\/p>\n<p>N\u2019oubliez pas d\u2019apporter\/envoyer au Bureau Mobilit\u00e9, Orientation et Insertion professionnelle le \u00ab\u202fcertificat d\u2019arriv\u00e9e\/de pr\u00e9sence\u00bb d\u00e9livr\u00e9 par votre Universit\u00e9, que nous signerons pour certifier la date de d\u00e9but de votre mobilit\u00e9.<\/p>\n<p>Si vous devez modifier votre programme d\u2019\u00e9tudes\/Learning Agreement, vous pourrez saisir les changements dans la section \u00ab\u202fduring the mobility\u202f\u00bb apr\u00e8s en avoir discut\u00e9 avec le professeur de contact.<\/p>\n<p>Si vous avez commenc\u00e9 votre mobilit\u00e9 au premier semestre et si vous avez l\u2019intention de la prolonger pour toute l\u2019ann\u00e9e, vous pouvez soumettre, au moins 30 jours avant la date pr\u00e9vue pour le terme de votre mobilit\u00e9, une\u00a0demande par e-mail ou sur un formulaire fourni par votre universit\u00e9 qui doit \u00eatre approuv\u00e9e aussi bien par votre \u00e9tablissement que par l\u2019Universit\u00e9 de la Vall\u00e9e d\u2019Aoste.<\/p>\n","protected":false},"excerpt":{"rendered":"<p>Vous recevrez par e-mail vos identifiants personnels (nom d\u2019utilisateur et mot de passe) pour acc\u00e9der aux services en ligne r\u00e9serv\u00e9s aux \u00e9tudiants (secr\u00e9tariat en ligne, r\u00e9servation des examens, etc.<\/p>\n","protected":false},"author":645,"featured_media":0,"parent":0,"menu_order":0,"comment_status":"closed","ping_status":"closed","template":"page-64.php","meta":{"_seopress_robots_primary_cat":"","_seopress_titles_title":"","_seopress_titles_desc":"","_seopress_robots_index":"","footnotes":""},"tags":[],"class_list":["post-1722","page","type-page","status-publish","hentry"],"acf":[],"_links":{"self":[{"href":"https:\/\/www.univda.it\/international\/wp-json\/wp\/v2\/pages\/1722","targetHints":{"allow":["GET"]}}],"collection":[{"href":"https:\/\/www.univda.it\/international\/wp-json\/wp\/v2\/pages"}],"about":[{"href":"https:\/\/www.univda.it\/international\/wp-json\/wp\/v2\/types\/page"}],"author":[{"embeddable":true,"href":"https:\/\/www.univda.it\/international\/wp-json\/wp\/v2\/users\/645"}],"replies":[{"embeddable":true,"href":"https:\/\/www.univda.it\/international\/wp-json\/wp\/v2\/comments?post=1722"}],"version-history":[{"count":2,"href":"https:\/\/www.univda.it\/international\/wp-json\/wp\/v2\/pages\/1722\/revisions"}],"predecessor-version":[{"id":1737,"href":"https:\/\/www.univda.it\/international\/wp-json\/wp\/v2\/pages\/1722\/revisions\/1737"}],"wp:attachment":[{"href":"https:\/\/www.univda.it\/international\/wp-json\/wp\/v2\/media?parent=1722"}],"wp:term":[{"taxonomy":"post_tag","embeddable":true,"href":"https:\/\/www.univda.it\/international\/wp-json\/wp\/v2\/tags?post=1722"}],"curies":[{"name":"wp","href":"https:\/\/api.w.org\/{rel}","templated":true}]}}